 - (14 + 1 + -7 + -11) - -5?
8
-1 - ((11 - 4) + -26 - -5) - 7
6
What is the value of 9 + -16 + 18 + -2?
9
Evaluate -1475 + 1483 + 24 + 0.
32
What is 49 + -62 + 25 + 12?
24
What is -42 - (-20 + -36 + -4)?
18
(-32 - (1 - 14)) + 38
19
What is -7 - (-39 - -17 - -11 - -3)?
1
(-27 - -55) + -10 + -12
6
(-1 - (-9 + 0 + 157 + -155)) + -19
-13
What is 33 + (-973 + 965 - (0 + (1 - 1)))?
25
What is the value of -7 + -6 + (19 - -2 - 5) + -6?
-3
Calculate -158 - -152 - (-20 + 1).
13
24 + 34 + -69 + -17
-28
Evaluate 10 + -9 + -17 + 6 - (-6 - -10).
-14
What is (-19 - -25) + 4 + 1 + -3 + 7?
15
Evaluate (8 - 0) + (3 + (-2 - 0) - -3).
12
Calculate 6 + (-4 - 4 - -3).
1
Evaluate -17 - ((0 - 4 - 0) + 2).
-15
What is the value of 34 + -38 + 5 + -1 + -1 + 23?
22
What is the value of -4 + (-16 - 6 - -7)?
-19
What is (-31 - -60 - 18) + 0?
11
Evaluate -14 - (7 + 0 + -11 - 1).
-9
Calculate 3 + -1 + -7 + -5 + (12 - 1).
1
Evaluate 3 - (3 + -17 + 9).
8
(57 - (51 + -29)) + -7
28
What is (-4 - (7 + 7 - 10)) + (-14 - 9)?
-31
Evaluate 8 + 0 + (62 - 10 - 62).
-2
Evaluate -8 + -6 - (-1 - (5 + 4)).
-4
What is -2 - (-6 + 5 + 21) - 0?
-22
What is the value of 55 + (-71 - -41 - 15)?
10
Calculate (-22 - (2 + 3)) + 19.
-8
Evaluate -5 + -8 + (0 - -6) - -2 - -7.
2
What is the value of 43 + (-23 - -19) + -28?
11
(11 - 4) + (6 - (4 + (3 - 4)))
10
Calculate (24 - -1) + (-61 + 55 - 3).
16
What is -8 - (3 + -20) - (3 - -1)?
5
What is 48 - (-22 - -57 - -1)?
12
Calculate (1 - 0) + 8 + -13 + 18 + -16.
-2
What is the value of -5 + 9 + (8 + -8 - -2) + 1?
7
What is the value of -312 + 323 + -9 + (-1 - -1)?
2
Evaluate (-19 - (1 - 4)) + -109 + 111.
-14
What is 21 + -22 + (12 - 9)?
2
What is the value of (8 - (0 - -6)) + -2 + -3 - -23?
20
Calculate (0 - 9) + (3 + 0 - -3) + 22.
19
What is (17 - 7 - 3) + -2 - (-7 - 0)?
12
What is 1 - (-7 + 0 + 10)?
-2
Evaluate 25 - ((-9 - (1 - 1)) + (-1005 - -1010)).
29
What is -1 + 6 + -3 - (-210 + 208)?
4
What is -34 + -4 + 6 + 16?
-16
Calculate (13 - (7 + 5)) + -23.
-22
Evaluate (-3 - (1 - -6)) + (-40 - -41).
-9
What is the value of -45 + (11 - (-17 + 17))?
-34
146 + -154 - (0 - -4)
-12
Evaluate 11 + (-15 - -45 - 27).
14
2 + 6 + (0 - 1) + -2 + -4
1
3 + (-6 - -7 - -4) - 5
3
Calculate -19 - ((-2 - -2 - 17) + (280 - 270)).
-12
Calculate 13 + -3 - (50 + -48).
8
What is (6 - (1 - 1)) + 23 + -10 + -10?
9
Evaluate -338 + 325 + -2 + 30.
15
-28 - (-18 + -26) - -9
25
What is (-32 - -19) + (-4 - -30)?
13
What is 231 + -203 - (25 - -2)?
1
Calculate -17 + (-29 + 13 - -3 - -26).
-4
What is the value of -1 - 47 - (-92 - (39 - 122))?
-39
What is 1 + 24 - ((-148 - -166) + -14 + 1)?
20
What is the value of (-22 - 3) + (16 + 2 - (20 - 2))?
-25
What is (-1 - (1 - 4)) + -577 + 555?
-20
What is 15 + -9 - (9 - 1)?
-2
14 + (15 - 8) - ((-3 - -1) + -2)
25
What is (-265 - -280) + -34 + (3 - 3)?
-19
-28 + (-14 - -1 - -25) + 14
-2
What is (3 - -19) + ((1 - 2) + -1 - -3)?
23
(-61 - -81) + (5 - 7)
18
What is -91 - -74 - (-1 + -4)?
-12
What is 0 + 10 - (101 + -85)?
-6
Calculate -17 + 9 - (21 + -48).
19
Calculate 13 + -10 + -10 + (-1 - -14 - 1).
5
Calculate 6 + (8 - 31 - -8) - -7.
-2
Evaluate 24 + -1 + 3 + -18 + 14.
22
Calculate 13 - (4 + -7 + 6 + -9 + 6).
13
Calculate 3 + -8 + 4 + -1 - -3.
1
What is -8 - (-1 + (-11 - -3) + 2)?
-1
Evaluate -14 + 2 + -1 + -9 + 17.
-5
Calculate 7 + 0 + 0 - (35 - (-10 + 45)).
7
What is -211 + 208 - (0 + 1)?
-4
Calculate 8 + -15 + (15 - -5).
13
What is 25 + -12 + (0 - 1)?
12
What is the value of -7 + (-17 - -13) + 4?
-7
What is the value of 10 - (8 + -18) - (-12 - -3)?
29
What is 5 - (6 + 18 + -24)?
5
What is the value of (-5 + -2 - 0) + -2 + (3 - 9)?
-15
What is the value of 11 + (2 - -1 - (127 - 108))?
-5
Evaluate 40 + -45 + (0 - 1) - (8 + -2).
-12
What is -4 - (-1 + 3 + 8 + 7 + -10)?
-11
What is -44 + (-12 - (15 + -31)) - (-10 + -1)?
-29
-2 + (4 - 6) - (7 - 3) - 5
-13
What is the value of 13 + -21 + 32 + -5?
19
What is (0 + 0 - -4) + (-7 - 10 - -4)?
-9
What is 3 + 6 + -6 + 3 + -8 - 6?
-8
What is the value of -47 + (-60 - -26 - -53)?
-28
What is 22 + -19 + (-9 + 2 - 1)?
-5
Evaluate 1 - 1 - (-526 - -523).
3
18 + (1 - -9) + -18
10
What is (-19 + 57 - 47) + -11?
-20
Calculate -10 + -10 + 15 - -7 - -19.
21
What is the value of (-4 - -2) + (-33 - -28)?
-7
-7 - (-7 - -2 - (1 - 8))
-9
Evaluate (10 - 7) + 8 + -5 + -3.
3
What is the value of -28 - (-216 + 218 + -1 + 1 + -7)?
-23
Evaluate 2 + 11 + -1 + -5 + 2 - 32.
-23
What is -19 + 74 + (-24 - 16)?
15
Evaluate (-52 - -55) + (-1 - -9) - 6.
5
What is 1 + -8 + 54 + -56 + -3?
-12
What is the value of (-1 + 17 - (-184 - -206)) + 22 + 0?
16
(-8 - -20) + -7 + 2 - (20 - 0)
-13
Evaluate -14 + (5 - (-8 + (14 + -1 - 5))).
-9
Calculate -6 + -1 + (16 - (-1 + (49 - 24))).
-15
What is the value of -5 + 1 + (7 + -5 + -16 - -27)?
9
Evaluate 1 + 3 - 0 - ((30 - 28) + -13).
15
32 + -28 + (7 - 0) + -6
5
-26 - (14 + (-10 - -5)) - -12
-23
-5 + -1 + -3 + 8 - 3 - -11
7
Calculate (11 - 17) + 10 - (14 - -2).
-12
Calculate 9 - (-2 + -2) - 8.
5
What is the value of (-2 + 4 - -6) + (-1 - (-17 - -3))?
21
Evaluate (4 - 2) + (3 - -1 - -1).
7
Calculate 4 + 1 + -1149 + 1159.
15
(183 - 185) + -2 + -1
-5
What is the value of -2 + (0 - (-1 + -5)) + (-46 - -41)?
-1
What is 3 - 5 - (0 + 7 + -2)?
-7
Evaluate -7 + -3 + (-1 - 3 - -9) + 21.
16
What is -16 + (-17 - (3 + -14))?
-22
What is the value of -14 - -22 - (20 + 8)?
-20
Calculate (0 + -9 - -12) + -2 + -15.
-14
Calculate 59 + -66 - (1 - 21).
13
What is the value of -7 - ((-4 - 0) + -19) - 10?
6
2 - (2 + -11 + (-8 - -7 - -2))
10
What is the value of (-1 - 2) + 8 + 11 + -10 - -6?
12
Calculate -162 - -150 - (-1 - 3).
-8
What is -2 + -8 - (59 + -56)?
-13
Evaluate 2 - (17 + -7 + -11 + 9 - 6).
0
Calculate (4 + 7 - (13 - -3)) + -1.
-6
274 - 267 - ((-3 - (7 - -1)) + 3)
15
-16 + 1 + -17 + 5 + 0
-27
Evaluate -44 + 26 - 6 - -54.
30
What is the value of -9 - (0 - 14 - -15)?
-10
Calculate 3 - (1 + 5 + (-5 - 1)).
3
What is the value of (2 + 0 - 6 - (233 + -235)) + -3?
-5
Calculate -2 + (8 - 15) + (1 - -2) + 17.
11
Calculate (-21 - 3) + -45 + 56.
-13
(-1 - 3) + 7 + 0 + -7 + 6
2
-7 + (5 - 12) + 5 - 12
-21
Calculate -5 - -13 - 9 - (-11 - -1) - 8.
1
(-4 - -13 - -5 - 10) + 0 + -1
3
Calculate 2 - (6 + (-7 + 5 - (-3 - 8))).
-13
Calculate 2 - (-6 - -19 - 14).
3
What is the value of (-12 - (-3 + -30)) + -11?
10
Calculate 6 - (10 + (12 - 2 - 0)).
-14
-3 + 1 + -58 + 57
-3
What is the value of 1 + 2 + -3 + 26 + -26 - 23?
-23
Evaluate -7 + (-6 - (-14 - 1) - 4).
-2
Calculate -15 - (-1 + 8 - (-30 + 22 + 5)).
-25
3 + 10 + (-8 - 0) - -11
16
What is (6 - (-1 + 6) - 3) + 7 + -2?
3
What is the value of (1 + -8 - (68 - 82)) + (5 - 0)?
12
What is 13 - (16 - 4 - -1)?
0
Evaluate -22 - 0 - (-195 - -184).
-11
Calculate -19 - (-3 - ((-9 - -3) + 7)).
-15
What is 11 + -14 + (7 - (9 - -6)) + 19?
8
Calculate 18 + 1 + -1729 + 1734.
24
Calculate (-11 - -5) + -16 + 21 + (8 - 1).
6
What is -7 + 5 + (-12 - -8) + 2?
-4
Calculate 28 + -34 - (-2 + 9).
-13
-7 + -6 + 15 - 10
-8
Calculate -21 + -17 + 38 - 9.
-9
-1 + -1 + 9 + 7 + -1 + -2
11
What is -15 + 7 + (-27 - -15)?
-20
Evaluate 28 + -81 - (-1 + -38).
-14
What is 1 - -12 - (-467 + 483)?
-3
What is 15 + (0 - (3 + 5) - 1)?
6
8 - ((-13 - (9 + -28 - -9)) + 3)
8
What is the value of 3 + -7 - (48 - 48 - (1 - 2))?
-5
What is the value of -2 + (11 - 6 - 4)?
-1
Calculate -19 + 5 + -4 - -14.
-4
What is 6 - ((10 - 7) + (0 - -3) - 4)?
4
What is (-10 - 43) + 35 + 47?
29
-5 + (7 - (3 - (-6 + 3) - 6))
2
Calculate (1 + -5 - 0) + -1012 + 1010.
-6
Calculate -19 + (9 - (6 - (14 - 12))).
-14
Calculate (4 - 1) + -1019 + 995 + (1 - -27).
7
What is 2 + 8 + (35 - 22) + -36?
-13
What is -10 + (-2 - (4 + 7) - 5)?
-28
(0 - 22) + -1 + 25
2
Evaluate 6 - (-75 + 36 - -20).
25
Calculate 22 - (26 + (-43 - -20)).
19
What is (-2 - (-22 + 18)) + -2 + 14 + -2?
12
What is the value of 284 + -337 - (0 - 22)?
-31
Evaluate (-26 - 14) + 18 + 23.
1
What is the value of -15 + (36 - 4 - 37)?
-20
10 + (-9 - 1) + 9 + -24
-15
(-13 - -8 - (5 + (-2 - 5))) + 9
6
Evaluate -29 - (-38 + 5 + 5).
-1
Calculate -16 - (15 + -30 + -9) - 15.
-7
What is the value of -5 - -1 - (2 + 10 + -132 + 134)?
-18
Evaluate -1 + -1 - (-6 - (-9 - -7)).
2
Evaluate (-37 - 11) + 6 + 15 + -9.
-36
Calculate -14 + 11 - 8 - (1 + 1).
-13
What is 18 + (18 - 57) - -29?
8
Evaluate (7 - 27) + 13 +